 are the prime factors of 788?
2, 197
What are the prime factors of 2960?
2, 5, 37
List the prime factors of 624.
2, 3, 13
List the prime factors of 1670.
2, 5, 167
What are the prime factors of 13108?
2, 29, 113
List the prime factors of 1288.
2, 7, 23
What are the prime factors of 2444?
2, 13, 47
List the prime factors of 2954.
2, 7, 211
What are the prime factors of 1194?
2, 3, 199
List the prime factors of 580.
2, 5, 29
What are the prime factors of 2979?
3, 331
What are the prime factors of 71698?
2, 11, 3259
List the prime factors of 10943.
31, 353
List the prime factors of 25271.
37, 683
What are the prime factors of 3181?
3181
List the prime factors of 683.
683
List the prime factors of 2019.
3, 673
What are the prime factors of 920?
2, 5, 23
List the prime factors of 168383.
23, 7321
What are the prime factors of 8830?
2, 5, 883
What are the prime factors of 6034?
2, 7, 431
What are the prime factors of 328?
2, 41
What are the prime factors of 67879?
7, 9697
List the prime factors of 8511.
3, 2837
List the prime factors of 10136.
2, 7, 181
What are the prime factors of 5165?
5, 1033
List the prime factors of 893.
19, 47
What are the prime factors of 6897?
3, 11, 19
What are the prime factors of 33258?
2, 3, 23, 241
List the prime factors of 183078.
2, 3, 7, 1453
List the prime factors of 5193.
3, 577
What are the prime factors of 23677?
23677
List the prime factors of 11179.
7, 1597
What are the prime factors of 1082?
2, 541
What are the prime factors of 37186?
2, 18593
List the prime factors of 1599.
3, 13, 41
List the prime factors of 22337.
7, 3191
What are the prime factors of 1080?
2, 3, 5
What are the prime factors of 7812?
2, 3, 7, 31
List the prime factors of 9050.
2, 5, 181
List the prime factors of 128542.
2, 64271
What are the prime factors of 6690?
2, 3, 5, 223
What are the prime factors of 9772?
2, 7, 349
List the prime factors of 76497.
3, 43, 593
List the prime factors of 33181.
33181
What are the prime factors of 3429?
3, 127
List the prime factors of 1604.
2, 401
List the prime factors of 294.
2, 3, 7
What are the prime factors of 1023?
3, 11, 31
List the prime factors of 1532.
2, 383
What are the prime factors of 3027?
3, 1009
What are the prime factors of 11030?
2, 5, 1103
What are the prime factors of 13392?
2, 3, 31
What are the prime factors of 2626?
2, 13, 101
What are the prime factors of 23740?
2, 5, 1187
What are the prime factors of 3951?
3, 439
What are the prime factors of 27532?
2, 6883
List the prime factors of 142385.
5, 28477
List the prime factors of 5799.
3, 1933
What are the prime factors of 2216?
2, 277
List the prime factors of 693.
3, 7, 11
What are the prime factors of 37558?
2, 89, 211
What are the prime factors of 1727?
11, 157
What are the prime factors of 4448?
2, 139
What are the prime factors of 905?
5, 181
What are the prime factors of 100564?
2, 31, 811
List the prime factors of 1203.
3, 401
List the prime factors of 77.
7, 11
List the prime factors of 126331.
19, 61, 109
List the prime factors of 321.
3, 107
What are the prime factors of 878?
2, 439
What are the prime factors of 19179?
3, 2131
What are the prime factors of 2437?
2437
What are the prime factors of 4381?
13, 337
What are the prime factors of 15272?
2, 23, 83
What are the prime factors of 3858?
2, 3, 643
What are the prime factors of 90?
2, 3, 5
List the prime factors of 2449.
31, 79
List the prime factors of 19980.
2, 3, 5, 37
What are the prime factors of 26561?
26561
What are the prime factors of 34775?
5, 13, 107
What are the prime factors of 2433?
3, 811
What are the prime factors of 2863?
7, 409
List the prime factors of 4741.
11, 431
List the prime factors of 917.
7, 131
List the prime factors of 134.
2, 67
List the prime factors of 34735.
5, 6947
List the prime factors of 7865.
5, 11, 13
What are the prime factors of 2977?
13, 229
What are the prime factors of 9821?
7, 23, 61
What are the prime factors of 14343?
3, 7, 683
List the prime factors of 1136.
2, 71
List the prime factors of 41363.
7, 19, 311
List the prime factors of 15158.
2, 11, 13, 53
What are the prime factors of 365?
5, 73
List the prime factors of 845.
5, 13
What are the prime factors of 7022?
2, 3511
List the prime factors of 2948.
2, 11, 67
List the prime factors of 30204.
2, 3, 839
What are the prime factors of 1051?
1051
List the prime factors of 157947.
3, 17, 19, 163
What are the prime factors of 15006?
2, 3, 41, 61
List the prime factors of 2372.
2, 593
What are the prime factors of 1916?
2, 479
What are the prime factors of 5382?
2, 3, 13, 23
List the prime factors of 1450.
2, 5, 29
List the prime factors of 14152.
2, 29, 61
List the prime factors of 2225.
5, 89
List the prime factors of 25701.
3, 13, 659
What are the prime factors of 7196?
2, 7, 257
What are the prime factors of 1162?
2, 7, 83
List the prime factors of 11007.
3, 1223
List the prime factors of 393.
3, 131
List the prime factors of 1087.
1087
What are the prime factors of 6934?
2, 3467
List the prime factors of 2012.
2, 503
What are the prime factors of 6192?
2, 3, 43
What are the prime factors of 495?
3, 5, 11
What are the prime factors of 3309?
3, 1103
What are the prime factors of 11117?
11117
List the prime factors of 440.
2, 5, 11
List the prime factors of 337.
337
What are the prime factors of 181141?
181141
List the prime factors of 3085.
5, 617
What are the prime factors of 28817?
28817
List the prime factors of 2478.
2, 3, 7, 59
What are the prime factors of 7800?
2, 3, 5, 13
List the prime factors of 27513.
3, 1019
List the prime factors of 4336.
2, 271
What are the prime factors of 47147?
47147
What are the prime factors of 200613?
3, 7, 41, 233
What are the prime factors of 625?
5
What are the prime factors of 2634?
2, 3, 439
What are the prime factors of 1364?
2, 11, 31
What are the prime factors of 32031?
3, 3559
What are the prime factors of 27211?
27211
What are the prime factors of 65141?
65141
What are the prime factors of 876?
2, 3, 73
List the prime factors of 4150.
2, 5, 83
List the prime factors of 424.
2, 53
What are the prime factors of 352?
2, 11
List the prime factors of 2581.
29, 89
What are the prime factors of 1094?
2, 547
List the prime factors of 2710.
2, 5, 271
List the prime factors of 1684.
2, 421
What are the prime factors of 94072?
2, 11, 1069
List the prime factors of 581.
7, 83
List the prime factors of 1502.
2, 751
What are the prime factors of 3185?
5, 7, 13
What are the prime factors of 4266?
2, 3, 79
What are the prime factors of 1059?
3, 353
List the prime factors of 1027.
13, 79
What are the prime factors of 58186?
2, 47, 619
What are the prime factors of 2364?
2, 3, 197
List the prime factors of 1591.
37, 43
List the prime factors of 119958.
2, 3, 19993
What are the prime factors of 2028?
2, 3, 13
What are the prime factors of 1500?
2, 3, 5
What are the prime factors of 345?
3, 5, 23
List the prime factors of 240.
2, 3, 5
List the prime factors of 5505.
3, 5, 367
List the prime factors of 1185.
3, 5, 79
What are the prime factors of 2320?
2, 5, 29
List the prime factors of 6875.
5, 11
What are the prime factors of 9424?
2, 19, 31
List the prime factors of 54794.
2, 27397
List the prime factors of 4255.
5, 23, 37
List the prime factors of 6527.
61, 107
What are the prime factors of 83715?
3, 5, 5581
What are the prime factors of 549?
3, 61
List the prime factors of 5789.
7, 827
What are the prime factors of 6013?
7, 859
What are the prime factors of 661?
661
What are the prime factors of 73413?
3, 2719
List the prime factors of 8734.
2, 11, 397
What are the prime factors of 387?
3, 43
What are the prime factors of 1203?
3, 401
List the prime factors of 23649.
3, 7883
What are the prime factors of 8023?
71, 113
What are the prime factors of 5463?
3, 607
List the prime factors of 3938.
2, 11, 179
What are the prime factors of 58450?
2, 5, 7, 167
List the prime factors of 218.
2, 109
List the prime factors of 19966.
2, 67, 149
List the prime factors of 10862.
2, 5431
What are the prime factors of 2465?
5, 17, 29
What are the prime factors of 61920?
2, 3, 5, 43
What are the prime factors of 573?
3, 191
What are the prime factors of 12745?
5, 2549
What are the prime factors of 4237?
19, 223
List the prime factors of 547.
547
List t